9 divide 26217653?
False
Does 659 divide 79607635?
False
Is 4110510 a multiple of 11?
False
Is 236 a factor of 9390204?
True
Does 53 divide 103458650?
True
Is 122779178 a multiple of 3474?
False
Is 20 a factor of 387145480?
True
Is 533 a factor of 627909178?
True
Is 387196397 a multiple of 2678?
False
Is 13542720 a multiple of 80?
True
Is 94138380 a multiple of 21?
True
Is 89 a factor of 1192724488?
False
Is 273106600 a multiple of 200?
True
Is 46096720 a multiple of 16?
True
Is 44051760 a multiple of 120?
True
Is 43 a factor of 19394449?
False
Is 102 a factor of 123812740?
False
Is 2914 a factor of 105254903?
False
Does 1274 divide 82557979?
False
Is 39134668 a multiple of 16?
False
Does 2038 divide 505775980?
False
Is 1950583797 a multiple of 152?
False
Does 53 divide 52755872?
False
Is 198717422 a multiple of 4309?
False
Is 16 a factor of 96794432?
True
Does 1569 divide 34841509?
False
Does 89 divide 340334131?
True
Is 55 a factor of 7644013?
False
Is 151 a factor of 405010086?
True
Does 53 divide 297884062?
True
Is 307 a factor of 22778368?
False
Is 328 a factor of 1833747186?
False
Is 226085717 a multiple of 1573?
True
Does 1513 divide 76253687?
True
Is 2357748 a multiple of 81?
True
Is 50425696 a multiple of 6?
False
Is 139080840 a multiple of 20?
True
Does 33 divide 161290899?
True
Is 1789265611 a multiple of 83?
True
Is 1162685888 a multiple of 32?
True
Is 426901459 a multiple of 2055?
False
Is 103 a factor of 985043384?
True
Does 268 divide 11395845?
False
Is 1146360234 a multiple of 186?
False
Does 926 divide 49023366?
True
Is 562352812 a multiple of 98?
True
Is 140701556 a multiple of 74?
False
Does 1224 divide 25398000?
True
Is 460 a factor of 62736332?
False
Is 255956435 a multiple of 3235?
True
Is 3308613160 a multiple of 122?
True
Does 23 divide 10700747?
False
Is 14 a factor of 149513518?
True
Is 2931328 a multiple of 32?
True
Does 12 divide 1497988?
False
Is 4687844 a multiple of 49?
False
Is 754983119 a multiple of 253?
True
Does 786 divide 709402728?
True
Is 3609051110 a multiple of 14?
True
Is 397376 a multiple of 3167?
False
Does 532 divide 32437636?
True
Does 112 divide 140421361?
False
Does 2390 divide 1552835580?
True
Is 113 a factor of 44087616?
False
Is 343270830 a multiple of 21?
True
Does 349 divide 176535402?
False
Is 302 a factor of 22152257?
False
Is 317 a factor of 844562495?
True
Is 995 a factor of 26527695?
True
Is 1345674948 a multiple of 632?
False
Is 6472865640 a multiple of 12?
True
Does 100 divide 40133286?
False
Is 85856036 a multiple of 1708?
True
Does 16 divide 2070304?
True
Is 3 a factor of 37577293?
False
Does 386 divide 2237428?
False
Is 63 a factor of 62273925?
True
Is 24589685 a multiple of 2788?
False
Is 467930086 a multiple of 859?
False
Does 387 divide 1903999701?
False
Is 883 a factor of 1585280256?
False
Is 58560128 a multiple of 1592?
True
Does 26 divide 17772560?
True
Does 26 divide 3813098?
False
Is 644985426 a multiple of 1069?
True
Does 11 divide 5838473641?
True
Is 9498846 a multiple of 58?
False
Does 54 divide 21699144?
True
Is 88668345 a multiple of 10?
False
Is 72487032 a multiple of 807?
False
Is 52103464 a multiple of 39?
False
Is 4953392 a multiple of 2?
True
Is 139 a factor of 534744537?
True
Is 100465745 a multiple of 78?
False
Is 572 a factor of 281377177?
False
Is 6158 a factor of 1015216299?
False
Is 8 a factor of 42587416?
True
Does 385 divide 33591887?
False
Is 2567971 a multiple of 126?
False
Is 68775192 a multiple of 77?
False
Is 273 a factor of 868429107?
True
Is 72123711 a multiple of 23?
False
Is 526388626 a multiple of 3125?
False
Does 163 divide 71678336?
False
Is 178 a factor of 10588038?
False
Is 1989 a factor of 316322604?
True
Is 4086 a factor of 302339484?
True
Is 323 a factor of 168261682?
True
Is 69294690 a multiple of 247?
False
Is 243 a factor of 388054313?
False
Does 2402 divide 12466380?
True
Does 54 divide 196869648?
False
Is 752 a factor of 168767600?
True
Does 41 divide 477717855?
True
Does 10 divide 8040648?
False
Is 343708441 a multiple of 757?
False
Is 20761237 a multiple of 703?
False
Does 248 divide 18106480?
True
Does 2111 divide 96618359?
True
Does 79 divide 9878003?
False
Is 179 a factor of 53348802?
True
Is 5856024 a multiple of 51?
True
Is 35 a factor of 17954108?
False
Is 18109400 a multiple of 8?
True
Is 967 a factor of 3550653458?
False
Is 277 a factor of 1021380438?
True
Does 19 divide 18462300?
True
Is 2 a factor of 1484976?
True
Is 73004881 a multiple of 1055?
False
Does 750 divide 95969250?
True
Is 229 a factor of 9317903?
False
Is 10 a factor of 46568939?
False
Does 866 divide 735401138?
True
Is 327 a factor of 136487325?
False
Is 626937235 a multiple of 43?
False
Is 20888480 a multiple of 40?
True
Does 6 divide 23280756?
True
Does 2053 divide 793583259?
False
Does 102 divide 10849536?
True
Is 1040 a factor of 41502240?
True
Does 3468 divide 27120790?
False
Is 3 a factor of 3954386?
False
Is 585779494 a multiple of 1118?
False
Does 249 divide 30973820?
False
Does 364 divide 26966833?
False
Is 292614825 a multiple of 4039?
False
Is 2929671 a multiple of 14?
False
Is 226 a factor of 16694168?
True
Is 2 a factor of 5205517?
False
Is 92 a factor of 184798760?
False
Does 596 divide 224609156?
True
Is 54000557 a multiple of 15?
False
Is 613 a factor of 83803843?
True
Is 563054814 a multiple of 81?
True
Is 22451323 a multiple of 1451?
True
Does 3 divide 5802712?
False
Is 28 a factor of 81422306?
False
Is 2966 a factor of 142334583?
False
Is 91965033 a multiple of 4767?
False
Does 30 divide 36025587?
False
Is 12 a factor of 16084318?
False
Is 578 a factor of 46286297?
False
Does 10 divide 63490649?
False
Is 26606695 a multiple of 23?
False
Is 346 a factor of 153670018?
True
Is 2532 a factor of 196582258?
False
Is 261 a factor of 109746132?
False
Is 787249632 a multiple of 10?
False
Is 153 a factor of 2678470?
False
Does 13 divide 1009704508?
False
Is 2829 a factor of 103829958?
True
Is 10873018 a multiple of 2221?
False
Does 646 divide 31507277?
False
Is 468137670 a multiple of 1078?
True
Is 288480 a multiple of 11?
False
Is 717047568 a multiple of 666?
True
Is 125832303 a multiple of 256?
False
Is 109 a factor of 156117321?
True
Is 697047 a multiple of 13?
True
Does 3 divide 2512232?
False
Does 18 divide 137648902?
False
Is 3830 a factor of 298337367?
False
Does 95 divide 153268535?
True
Is 99386406 a multiple of 5?
False
Is 788 a factor of 631180908?
True
Is 90113130 a multiple of 15?
True
Is 52048000 a multiple of 558?
False
Is 9 a factor of 3456811?
False
Is 15468492 a multiple of 978?
False
Does 15 divide 35352975?
True
Is 13455805 a multiple of 55?
True
Is 385100876 a multiple of 4?
True
Is 80768384 a multiple of 128?
True
Is 23202542 a multiple of 11?
True
Is 169 a factor of 35945117?
True
Does 2 divide 236426721?
False
Is 84 a factor of 392455476?
True
Does 219 divide 205498569?
False
Does 390 divide 266700720?
True
Does 3660 divide 241608421?
False
Is 67324002 a multiple of 31?
True
Does 118 divide 137046640?
False
Is 100961827 a multiple of 4?
False
Is 103 a factor of 37124393?
True
Is 73998331 a multiple of 1121?
True
Is 1003 a factor of 6288810?
True
Does 40 divide 3649896800?
True
Is 666 a factor of 3128074794?
True
Is 52512545 a multiple of 78?
False
Is 1293907985 a multiple of 937?
True
Does 444 divide 5328?
True
Is 3102837425 a multiple of 115?
True
Is 44 a factor of 76412870?
False
Does 14 divide 1566991048?
True
Is 1378715123 a multiple of 4379?
False
Is 57 a factor of 146265?
False
Does 12 divide 119275224?
True
Does 161 divide 25076819?
False
Does 3551 divide 108992849?
False
Is 1090976152 a multiple of 2824?
True
Is 316 a factor of 12227620?
True
Does 24 divide 177826949?
False
Does 102 divide 403958999?
False
Is 62304172 a multiple of 124?
True
Does 755 divide 66041713?
False
Does 977 divide 2396581?
True
Is 150579846 a multiple of 25?
False
Is 472 a factor of 66007312?
True
Is 44591388 a multiple of 46?
True
Is 7 a factor of 27830724?
False
Is 85 a factor of 55627485?
True
Is 67 a factor of 3623770509?
True
Does 110 divide 1321593240?
True
Is 747432777 a multiple of 39?
True
Does 272 divide 318121136?
True
Is 81 a factor of 324052256?
False
Does 17 divide 123737759?
False
Is 9009073 a multiple of 9?
False
Does 577 d